4335023857 prime?
False
Is 8101711481 a prime number?
True
Is 20179595021 composite?
False
Is 99419519083 a prime number?
False
Is 57278904829 prime?
True
Is 263620139 prime?
False
Is 1033838917 a composite number?
False
Is 1006204457 composite?
False
Is 1050478027 a prime number?
True
Is 12120983857 a composite number?
False
Is 8205603773 a prime number?
True
Is 1380892619 composite?
False
Is 211588283 prime?
True
Is 9302089345 a composite number?
True
Is 9950701277 prime?
False
Is 569534279 composite?
True
Is 480031801 prime?
True
Is 1753955711 a prime number?
True
Is 5729328411 a composite number?
True
Is 425525998 a composite number?
True
Is 78447079 a prime number?
False
Is 21905086457 a composite number?
True
Is 266119291 prime?
False
Is 83714531 a prime number?
True
Is 802606661 composite?
False
Is 75303986267 a prime number?
False
Is 1696010909 prime?
True
Is 5427009838 prime?
False
Is 1823784971 prime?
False
Is 18933738347 a composite number?
True
Is 34734659753 prime?
False
Is 14694227 prime?
False
Is 1291768781 a prime number?
False
Is 20899806089 prime?
True
Is 12004808705 a prime number?
False
Is 83534723 a composite number?
False
Is 14596451231 a prime number?
True
Is 189321766423 composite?
False
Is 87153457093 composite?
False
Is 56476963 a composite number?
False
Is 35453147 a composite number?
False
Is 2852689009 a composite number?
True
Is 23736692123 a composite number?
True
Is 12786644839 composite?
True
Is 460878893 prime?
False
Is 1610940839 a prime number?
False
Is 235577957 prime?
False
Is 1103901727 composite?
False
Is 70663503431 composite?
True
Is 3339527011 a composite number?
True
Is 654708679 a composite number?
True
Is 1361837669 a composite number?
False
Is 305988521 composite?
True
Is 46874917 prime?
True
Is 168398941 a composite number?
False
Is 57819104149 prime?
False
Is 141489641 a composite number?
False
Is 180483480683 composite?
True
Is 283171409 prime?
False
Is 701451719 a prime number?
True
Is 3299187049 a composite number?
False
Is 682423198 a prime number?
False
Is 315646703 a composite number?
True
Is 15479590981 prime?
False
Is 70996187771 a prime number?
True
Is 1241843557 a prime number?
False
Is 4018953559 composite?
False
Is 1596142901 a prime number?
True
Is 1269331439 prime?
False
Is 45541417267 a composite number?
False
Is 73914458273 prime?
True
Is 385914857 a composite number?
False
Is 3170135455 a prime number?
False
Is 9286429 a composite number?
False
Is 336210629 a composite number?
True
Is 6927032807 prime?
True
Is 2778828043 prime?
False
Is 48797964331 prime?
True
Is 7382865883 a prime number?
True
Is 3950221607 a composite number?
False
Is 137830331 composite?
False
Is 587809369 a composite number?
True
Is 4437033211 composite?
True
Is 1458591977 a prime number?
True
Is 24604698653 composite?
True
Is 91590135787 a composite number?
False
Is 20823727403 a prime number?
True
Is 23478853159 a prime number?
False
Is 1466785162 a prime number?
False
Is 11880407687 composite?
True
Is 3331113361 prime?
True
Is 377815681 composite?
False
Is 2398984247 a composite number?
True
Is 5876174141 prime?
False
Is 1177459979 a prime number?
True
Is 3435930317 composite?
False
Is 12426575699 a composite number?
False
Is 1314310787 prime?
False
Is 1774559201 prime?
False
Is 15739878767 a prime number?
False
Is 156333721451 a prime number?
True
Is 723324827 prime?
True
Is 321401447 a prime number?
True
Is 240277627 a composite number?
False
Is 668778881 a prime number?
True
Is 716572189 a prime number?
False
Is 102433631 prime?
True
Is 6931084913 composite?
False
Is 274530241 a prime number?
False
Is 1611635693 a prime number?
True
Is 1128399526 a composite number?
True
Is 4786802633 a prime number?
True
Is 64235903889 a prime number?
False
Is 25619146411 a composite number?
False
Is 28505909641 composite?
True
Is 2315351717 prime?
False
Is 7595130019 a composite number?
True
Is 43568832053 composite?
False
Is 29168060329 a prime number?
True
Is 2013018379 a prime number?
False
Is 552391265 prime?
False
Is 3710730263 a composite number?
False
Is 94003943 a prime number?
False
Is 750926131 a composite number?
False
Is 2524890682 a composite number?
True
Is 50186851729 prime?
False
Is 6412426547 a composite number?
False
Is 151898659 a composite number?
True
Is 8610867313 prime?
True
Is 4946427271 prime?
True
Is 421146536935 a composite number?
True
Is 27535554191 a composite number?
False
Is 1068383279 a composite number?
False
Is 466087802 a prime number?
False
Is 96085831705 composite?
True
Is 233152921 composite?
False
Is 344300043371 composite?
False
Is 2646350819 composite?
True
Is 1243641163 composite?
False
Is 4428916291 a composite number?
False
Is 292381559 prime?
False
Is 1004168947 composite?
True
Is 1310210537 a composite number?
False
Is 366150541 a prime number?
False
Is 95307437243 prime?
True
Is 4103670227 a prime number?
True
Is 23038012991 prime?
False
Is 5589802129 a composite number?
False
Is 26551090271 prime?
True
Is 26195741317 prime?
True
Is 10744909099 prime?
True
Is 21843936437 composite?
True
Is 127696517209 prime?
True
Is 24169447 prime?
True
Is 138679993378 a composite number?
True
Is 19052229299 a composite number?
False
Is 19798626637 a composite number?
True
Is 2554014527 composite?
False
Is 1146158399 a prime number?
False
Is 6697383569 prime?
False
Is 492038489 a prime number?
False
Is 4966793261 composite?
False
Is 146829521 composite?
False
Is 12769650527 a prime number?
True
Is 28194567386 prime?
False
Is 209588473817 prime?
True
Is 395293403 a prime number?
False
Is 31177195877 a prime number?
True
Is 5128627957 prime?
True
Is 1913430569 composite?
True
Is 2736907663 a prime number?
False
Is 9597395933 prime?
True
Is 233376281 prime?
False
Is 11872816555 a composite number?
True
Is 61196229293 a composite number?
False
Is 2617952599 composite?
False
Is 46226244391 prime?
False
Is 2765780693 prime?
False
Is 2801797594 a prime number?
False
Is 3424093 a composite number?
False
Is 2607471085 a prime number?
False
Is 7175785399 prime?
False
Is 5209654771 a prime number?
False
Is 3236959711 a prime number?
True
Is 2378334589 a prime number?
True
Is 7434932411 composite?
False
Is 2631224378 composite?
True
Is 33744530587 prime?
False
Is 7461469361 a composite number?
False
Is 70682342937 composite?
True
Is 140181914141 a composite number?
False
Is 1618978561 a prime number?
False
Is 32777801429 a composite number?
False
Is 5690763579 composite?
True
Is 628646061 composite?
True
Is 166652490297 prime?
False
Is 2915404367 a prime number?
True
Is 12019947101 prime?
True
Is 993846713 composite?
True
Is 6883192763 a composite number?
True
Is 26020377947 composite?
False
Is 836535757 a prime number?
True
Is 25356803581 prime?
True
Is 5476474337 a composite number?
True
Is 23491523641 composite?
True
Is 14696700251 prime?
True
Is 7066376833 composite?
True
Is 4107203939 a prime number?
False
Is 577171519 composite?
True
Is 29653071473 a composite number?
False
Is 4707784931 prime?
True
Is 38537900761 a composite number?
False
Is 21463157 a prime number?
False
Is 2802607571 prime?
True
Is 4792849901 a composite number?
True
Is 391370131 a composite number?
False
Is 2782282273 a composite number?
False
Is 32964939701 prime?
False
Is 3384440827 a prime number?
True
Is 296345575891 a prime number?
True
Is 56454470701 prime?
True
Is 8635499491 composite?
True
Is 13530703063 composite?
True
Is 1101401173 a prime number?
False
Is 822774149 a prime number?
False
Is 216268751903 prime?
True
Is 351269603 composite?
True
Is 9714207623 a prime number?
False
Is 116431891 a prime number?
False
Is 6634084759 prime?
True
Is 348523463 a composite number?
True
Is 44813743411 a composite number?
False
Is 4440509887 prime?
False
Is 61494829961 prime?
False
Is 3761604853 composite?
False
Is 6873304507 prime?
False
Is 430930957 a composite number?
True
Is 65773145161 composite?
True
Is 10240610743 prime?
False
Is 177646369 a composite number?
False
Is 103785815011 composite?
False
Is 1634388163 a prime number?
True
Is 6491379041 prime?
False
Is 2027734223 composite?
False
Is 129453151 prime?
True
Is 9118563257 a prime number?
True
Is 26604935891 a prime number?
True
Is 12055098889 a composite n